9, what is 2 - -3257?
3260
In base 5, what is -1 - 10142?
-10143
In base 8, what is -2 - -30?
26
In base 6, what is 4120 - 4?
4112
In base 15, what is b1 + 56?
117
In base 6, what is -11531 + 13?
-11514
In base 11, what is -2 - 33?
-35
In base 7, what is -2 + 51?
46
In base 5, what is 1 + -3431?
-3430
In base 13, what is 396 + 3?
399
In base 6, what is 2 - 222?
-220
In base 5, what is 2 + 112?
114
In base 2, what is 110001 - 1001?
101000
In base 16, what is -4 + 2006?
2002
In base 15, what is -2 - -2ba?
2b8
In base 7, what is -25 - 26?
-54
In base 2, what is 10 - 100000111101?
-100000111011
In base 9, what is 127 + -62?
55
In base 14, what is 2 - b3?
-b1
In base 3, what is 101202 - 10?
101122
In base 6, what is 2 - -103?
105
In base 8, what is -2 - -15352?
15350
In base 15, what is c + 7?
14
In base 4, what is -1 - 220323?
-220330
In base 7, what is 22315 + -2?
22313
In base 12, what is -84 - -8?
-78
In base 16, what is -1d - 12?
-2f
In base 11, what is -4 - -50?
47
In base 8, what is 2744 + 1?
2745
In base 9, what is -363 - 6?
-370
In base 8, what is 1133 + -3?
1130
In base 6, what is -5 + -445?
-454
In base 16, what is -3f - -3?
-3c
In base 4, what is -130 + 0?
-130
In base 8, what is 4372 + -5?
4365
In base 3, what is -2 - 202022?
-202101
In base 13, what is 151 + -3?
14b
In base 9, what is 1 - 27?
-26
In base 9, what is -72 - -17?
-54
In base 7, what is 25 - -162?
220
In base 5, what is 4 - -11322?
11331
In base 5, what is 2230 - -3?
2233
In base 2, what is 10 - -110100?
110110
In base 14, what is -2a - 82?
-ac
In base 3, what is -1012 - -2?
-1010
In base 14, what is -2 - -1417?
1415
In base 9, what is -17 - -14?
-3
In base 7, what is 3 - 1032?
-1026
In base 15, what is -ba + 27?
-93
In base 9, what is -687 - -7?
-680
In base 2, what is 10 - -100101000011?
100101000101
In base 9, what is -7122 + 2?
-7120
In base 7, what is 12461 + 0?
12461
In base 11, what is 2 + -1a5?
-1a3
In base 4, what is -102111 - -2?
-102103
In base 15, what is -561 + 5?
-55b
In base 16, what is 5 - -36?
3b
In base 4, what is 3 - 32?
-23
In base 8, what is 32 + 10?
42
In base 7, what is 4 + 36?
43
In base 12, what is -3 + 97?
94
In base 5, what is 22 + 14?
41
In base 16, what is -2b + d?
-1e
In base 6, what is 25245 + -5?
25240
In base 5, what is 20 - 300?
-230
In base 8, what is 16 + 66?
104
In base 9, what is 3 - -16?
20
In base 15, what is 13 + -10d?
-ea
In base 10, what is 3 + 3645?
3648
In base 16, what is 2b - -22?
4d
In base 8, what is -3 - -3?
0
In base 10, what is -63 + -20?
-83
In base 16, what is 5 + -3a5?
-3a0
In base 15, what is 98 + 6?
9e
In base 9, what is 5 + 31?
36
In base 5, what is -443 + -1230?
-2223
In base 3, what is -20 + 10020?
10000
In base 16, what is 23 + 18f?
1b2
In base 11, what is 13 - 130?
-118
In base 14, what is 1b - 41?
-24
In base 15, what is 13 + 7?
1a
In base 13, what is c04 - 3?
c01
In base 3, what is 1010 - 1121?
-111
In base 16, what is -1 - 2?
-3
In base 4, what is -21230311 + -10?
-21230321
In base 13, what is 45 + 4?
49
In base 5, what is 0 + 223244?
223244
In base 11, what is 4 + 4503?
4507
In base 15, what is 2 + -45?
-43
In base 15, what is -b5a + -5?
-b60
In base 5, what is 1343 - -10?
1403
In base 7, what is 21 - 5?
13
In base 6, what is -220 - 33?
-253
In base 14, what is 90 + -2?
8c
In base 2, what is 111111 + 100?
1000011
In base 14, what is -1a - 2?
-1c
In base 2, what is -1100 + 1000010?
110110
In base 15, what is 3 - -7b6?
7b9
In base 7, what is -251 + 34?
-214
In base 11, what is -4 + -192?
-196
In base 8, what is -632 + -2?
-634
In base 5, what is 10 - -10044?
10104
In base 14, what is -3 - 24c?
-251
In base 9, what is -58 + -13?
-72
In base 7, what is 22 + -455?
-433
In base 12, what is 99b2 + 1?
99b3
In base 15, what is -9 - 108?
-112
In base 12, what is -94 - -5?
-8b
In base 3, what is 102120 + -1?
102112
In base 12, what is -11 + -8?
-19
In base 14, what is 390 + -5?
389
In base 3, what is 11 - -11002?
11020
In base 6, what is -125 + 303?
134
In base 3, what is -22110 - 12?
-22122
In base 3, what is 100 + -11?
12
In base 13, what is -6 - 93?
-99
In base 13, what is 0 + 11?
11
In base 13, what is -4 + -15a?
-161
In base 13, what is 356 + 4?
35a
In base 16, what is bb - 1?
ba
In base 13, what is -29 - 2b0?
-309
In base 5, what is -2001 + 10?
-1441
In base 7, what is -266 - -55?
-211
In base 16, what is 2d - 0?
2d
In base 8, what is -5 + -21?
-26
In base 2, what is 11100 - 10011?
1001
In base 7, what is -114 - -6?
-105
In base 13, what is -12a9 - 2?
-12ab
In base 7, what is -2 + 1162?
1160
In base 2, what is -10010 - -10101?
11
In base 11, what is -a - 4?
-13
In base 11, what is 3 - 101?
-a9
In base 7, what is -13614 - -5?
-13606
In base 7, what is -5162 - -2?
-5160
In base 12, what is -21 + 9?
-14
In base 14, what is -1c4 - 9?
-1cd
In base 8, what is -3 - 71?
-74
In base 16, what is 1 + 9?
a
In base 11, what is a - -26?
35
In base 15, what is 17 - -6?
1d
In base 2, what is 1001011000101 - 100?
1001011000001
In base 14, what is -3 - 208?
-20b
In base 10, what is -2451 - 5?
-2456
In base 10, what is 9 + 41?
50
In base 15, what is 11 + -b?
5
In base 2, what is -111100 + 100100?
-11000
In base 11, what is 1 + 5?
6
In base 6, what is 2 - 31?
-25
In base 5, what is 13 - -1031?
1044
In base 14, what is 3 + 1dd?
202
In base 2, what is -100100 - -1?
-100011
In base 15, what is -7 - 6?
-d
In base 11, what is -31 - -8?
-24
In base 2, what is 100 - -10?
110
In base 3, what is -211012 - 1?
-211020
In base 6, what is 1 - 111?
-110
In base 6, what is 3 - 404?
-401
In base 12, what is -b7 + a?
-a9
In base 8, what is -1056 + 3?
-1053
In base 8, what is -6 + -111?
-117
In base 4, what is 303 + 0?
303
In base 5, what is 43330 + -2?
43323
In base 15, what is a - 1e?
-14
In base 15, what is 2ad - -1?
2ae
In base 15, what is -1 - -996?
995
In base 8, what is 65 - -5?
72
In base 13, what is 13 - 5?
b
In base 9, what is 1 - 838?
-837
In base 13, what is 0 - -18?
18
In base 11, what is 5 - a7?
-a2
In base 4, what is -11120 + 1?
-11113
In base 5, what is -23 - -321?
243
In base 13, what is -13 - -19?
6
In base 10, what is 11 - 7?
4
In base 6, what is 30 + 2?
32
In base 16, what is 6 + -2fc?
-2f6
In base 2, what is -100 - 11001?
-11101
In base 5, what is 224 - -14?
243
In base 5, what is -3120 + 4?
-3111
In base 5, what is 0 - 111?
-111
In base 11, what is 0 - -163?
163
In base 13, what is 1 + 20?
21
In base 3, what is -1110 + -211?
-2021
In base 12, what is 0 + -3233?
-3233
In base 13, what is 9 - 1a5?
-199
In base 9, what is 5054 - 5?
5048
In base 7, what is -150 - 2?
-152
In base 11, what is 1983 - -1?
1984
In base 3, what is 1000 + -12?
211
In base 5, what is -103 - -10202?
10044
In base 13, what is -69 + 1?
-68
In base 5, what is 10 + 1340?
1400
In base 13, what is -331 - 0?
-331
In base 3, what is 102021 - 12?
102002
In base 4, what is -2000 - -1?
-1333
In base 2, what is -1110 + 1101111?
1100001
In base 10, what is -8 - 510?
-518
In base 9, what is -62 - -104?
32
In base 6, what is -10052 + 2?
-10050
In base 11, what is -103 - 23?
-126
In base 4, what is -10 + -1010?
-1020
In base 4, what is 12 + -113220?
-113202
In base 3, what is 1122 - 2201?
-1002
In base 11, what is -157 + -9?
-165
In base 5, what is -33 - 4?
-42
In base 16, what is -2 + -124?
-126
In base 2, what is 0 - -11000010?
11000010
In base 2, what is 1 - -100011?
100100
In base 8, what is -15 - 1177?
-1214
In base 4, what is 1 - -1331?
1332
In base 11, what is 0 + -30?
-30
In base 11, what is -57a + -1?
-580
In base 8, what is 727 - -1?
730
In base 2, what is 1100 + -11?
1001
In base 6, what is -152 - 355?
-551
In base 2, what is 110001 + 111?
111000
In base 14, what is -21 + 5?
-1a
In base 4, what is -12 + 130332?
130320
In base 2, what is 0 - 11?
-11
In base 14, what is -2 + 54?
52
In base 6, what is -2 - 211?
-213
In base 11, what is 12a + 1?
130
In base 11, what is 19a - 43?
157
In base 11, what is 95 - -5?
9a
In base 2, what is -1000100100 + -101?
-1000101001
In base 14, what is -140 + -2?
-142
In base 11, what is 14 + 7?
20
In base 14, what is -26 + -83?
-a9
In base 13, what is -2 - 29?
-2b
In base 5, what is 10 - -12?
22
In base 11, what is -5860 + -2?
-5862
In base 8, what is -2 - 253?
-255
In base 11, what is -1469 + -3?
-1471
In base 10, what is -187 -